ts digit of 60086?
6
What is the tens digit of 3503?
0
What is the thousands digit of 3044?
3
What is the hundreds digit of 3965?
9
What is the hundreds digit of 127470?
4
What is the units digit of 7265?
5
What is the thousands digit of 3652?
3
What is the hundreds digit of 549?
5
What is the tens digit of 16088?
8
What is the thousands digit of 3940?
3
What is the units digit of 92?
2
What is the ten thousands digit of 13501?
1
What is the units digit of 5017?
7
What is the units digit of 1830?
0
What is the thousands digit of 96073?
6
What is the hundreds digit of 2836?
8
What is the units digit of 8750?
0
What is the thousands digit of 4271?
4
What is the units digit of 300?
0
What is the thousands digit of 2759?
2
What is the ten thousands digit of 14681?
1
What is the tens digit of 930?
3
What is the hundreds digit of 6783?
7
What is the tens digit of 33633?
3
What is the hundreds digit of 3837?
8
What is the ten thousands digit of 22489?
2
What is the units digit of 525?
5
What is the thousands digit of 28666?
8
What is the units digit of 29793?
3
What is the thousands digit of 4886?
4
What is the tens digit of 278?
7
What is the units digit of 84901?
1
What is the units digit of 3180?
0
What is the units digit of 173?
3
What is the units digit of 2830?
0
What is the units digit of 2304?
4
What is the units digit of 39285?
5
What is the units digit of 15346?
6
What is the tens digit of 10892?
9
What is the thousands digit of 85549?
5
What is the thousands digit of 3662?
3
What is the units digit of 1970?
0
What is the thousands digit of 1352?
1
What is the units digit of 50478?
8
What is the tens digit of 673?
7
What is the ten thousands digit of 15404?
1
What is the thousands digit of 11793?
1
What is the units digit of 1168?
8
What is the tens digit of 19791?
9
What is the tens digit of 960?
6
What is the thousands digit of 1667?
1
What is the tens digit of 1302?
0
What is the hundreds digit of 8699?
6
What is the hundreds digit of 9926?
9
What is the thousands digit of 44077?
4
What is the units digit of 140?
0
What is the units digit of 3774?
4
What is the hundreds digit of 1073?
0
What is the tens digit of 509?
0
What is the thousands digit of 2805?
2
What is the thousands digit of 3865?
3
What is the hundreds digit of 137?
1
What is the units digit of 3156?
6
What is the thousands digit of 8081?
8
What is the thousands digit of 22537?
2
What is the units digit of 299?
9
What is the tens digit of 211?
1
What is the units digit of 20695?
5
What is the hundreds digit of 58649?
6
What is the units digit of 2468?
8
What is the ten thousands digit of 24818?
2
What is the ten thousands digit of 182144?
8
What is the hundreds digit of 1245?
2
What is the units digit of 5221?
1
What is the ten thousands digit of 29967?
2
What is the tens digit of 5117?
1
What is the tens digit of 2912?
1
What is the hundreds digit of 17753?
7
What is the units digit of 33469?
9
What is the thousands digit of 20331?
0
What is the hundreds digit of 2342?
3
What is the thousands digit of 13392?
3
What is the ten thousands digit of 22990?
2
What is the units digit of 190?
0
What is the tens digit of 841?
4
What is the thousands digit of 3122?
3
What is the units digit of 768?
8
What is the tens digit of 463?
6
What is the tens digit of 229?
2
What is the tens digit of 13960?
6
What is the tens digit of 7573?
7
What is the hundreds digit of 23080?
0
What is the hundreds digit of 12955?
9
What is the hundreds digit of 20895?
8
What is the tens digit of 772?
7
What is the thousands digit of 4752?
4
What is the tens digit of 1701?
0
What is the units digit of 7383?
3
What is the hundreds digit of 14830?
8
What is the hundreds digit of 9798?
7
What is the thousands digit of 4885?
4
What is the thousands digit of 1900?
1
What is the thousands digit of 7992?
7
What is the hundreds digit of 3607?
6
What is the hundreds digit of 134?
1
What is the tens digit of 1055?
5
What is the hundreds digit of 61437?
4
What is the hundreds digit of 3630?
6
What is the thousands digit of 7837?
7
What is the tens digit of 61534?
3
What is the thousands digit of 3484?
3
What is the thousands digit of 2268?
2
What is the tens digit of 1783?
8
What is the ten thousands digit of 99995?
9
What is the thousands digit of 2285?
2
What is the units digit of 6705?
5
What is the units digit of 21139?
9
What is the tens digit of 1558?
5
What is the hundreds digit of 6816?
8
What is the hundreds digit of 709?
7
What is the units digit of 1248?
8
What is the units digit of 150530?
0
What is the ten thousands digit of 16689?
1
What is the hundreds digit of 777?
7
What is the tens digit of 558?
5
What is the ten thousands digit of 15498?
1
What is the units digit of 101721?
1
What is the tens digit of 1239?
3
What is the units digit of 2376?
6
What is the units digit of 16684?
4
What is the tens digit of 14747?
4
What is the thousands digit of 7351?
7
What is the tens digit of 41735?
3
What is the tens digit of 1359?
5
What is the hundreds digit of 1118?
1
What is the hundreds digit of 305?
3
What is the hundreds digit of 21826?
8
What is the tens digit of 14703?
0
What is the thousands digit of 9017?
9
What is the tens digit of 34199?
9
What is the units digit of 645?
5
What is the tens digit of 1062?
6
What is the thousands digit of 5776?
5
What is the thousands digit of 1879?
1
What is the ten thousands digit of 46687?
4
What is the hundreds digit of 7532?
5
What is the thousands digit of 10783?
0
What is the tens digit of 1513?
1
What is the hundreds digit of 13890?
8
What is the hundreds digit of 1246?
2
What is the ten thousands digit of 29797?
2
What is the hundreds digit of 179?
1
What is the thousands digit of 4930?
4
What is the units digit of 25974?
4
What is the units digit of 3741?
1
What is the tens digit of 564?
6
What is the ten thousands digit of 61981?
6
What is the units digit of 77972?
2
What is the tens digit of 855?
5
What is the thousands digit of 3873?
3
What is the ten thousands digit of 111473?
1
What is the hundreds digit of 618?
6
What is the tens digit of 14176?
7
What is the units digit of 1326?
6
What is the units digit of 12158?
8
What is the units digit of 41?
1
What is the hundreds digit of 660?
6
What is the units digit of 1050?
0
What is the hundreds digit of 7242?
2
What is the thousands digit of 3891?
3
What is the hundred thousands digit of 169385?
1
What is the thousands digit of 19468?
9
What is the tens digit of 229?
2
What is the hundreds digit of 94198?
1
What is the thousands digit of 1067?
1
What is the tens digit of 25659?
5
What is the tens digit of 923?
2
What is the tens digit of 5411?
1
What is the thousands digit of 2927?
2
What is the tens digit of 2389?
8
What is the units digit of 1041?
1
What is the thousands digit of 58528?
8
What is the thousands digit of 16029?
6
What is the tens digit of 95988?
8
What is the ten thousands digit of 48185?
4
What is the tens digit of 34168?
6
What is the units digit of 4352?
2
What is the ten thousands digit of 27152?
2
What is the thousands digit of 3175?
3
What is the tens digit of 81328?
2
What is the ten thousands digit of 133344?
3
What is the units digit of 2155?
5
What is the hundreds digit of 12156?
1
What is the thousands digit of 1027?
1
What is the thousands digit of 4545?
4
What is the units digit of 463?
3
What is the hundreds digit of 8810?
8
What is the thousands digit of 31370?
1
What is the units digit of 177?
7
What is the thousands digit of 12624?
2
What is the hundreds digit of 6079?
0
What is the units digit of 867?
7
What is the tens digit of 144762?
6
What is the units digit of 4825?
5
What is the units digit of 64823?
3
What is the thousands digit of 59629?
9
What is the thousands digit of 1065?
1
What is the thousands digit of 1230?
1
What is the units digit of 32987?
7
What is the tens digit of 785?
8
What is the units digit of 1540?
0
What is the units digit of 1911?
1
What is the tens digit of 59642?
4
What is the hundreds digit of 7668?
6
What is the units digit of 2138?
8
What is the thousands digit of 2478?
2
What is the tens digit of 3273?
7
What is the thousands digit of 1261?
1
What is the hundreds digit of 29151?
1
What is the units digit of 1469?
9
What is the thousan